ite?
True
Let p(v) = v**3 - 10*v**2 + 4. Let h be p(10). Suppose 2*f - 193 = 5*t, f + f = -h*t + 166. Is f prime?
True
Let v be 3*10191/9*1. Suppose 5*r = -4*n - 168 + v, -r + n = -653. Is r/33 + 4/(-6) a prime number?
True
Let v be 5*(7 - 4 - -290). Suppose 10*h - 5*h = v. Is h prime?
True
Let b = 19 - 31. Let a = 0 - b. Let n(g) = 22*g + 7. Is n(a) prime?
True
Suppose -4*c + 5060 = 5*t, -3*t + 5706 = 5*c - 606. Let g = c - 687. Is g a prime number?
False
Suppose 4*o + 31 = 3*v + 2*v, -v = -o - 7. Suppose -2267 = -4*m + v*i, 3*m - 2*i - 1699 = -0*i. Is m composite?
False
Let h(u) = 586*u**3 + u**2 - u - 2. Let n be 14/35 + 14/(-10). Let s be h(n). Let q = 513 - s. Is q a prime number?
False
Suppose 74*j - 63*j = 595705. Is j prime?
False
Suppose -6506 = -x + 3*x. Let t = 7524 + x. Is t prime?
True
Let l = 3733 + -1892. Is l composite?
True
Let d = 7 - 6. Let i be d + 4/4 + 0. Suppose j + i*j = 1341. Is j composite?
True
Suppose 5*l - 99277 = g + 135890, -2*l - 2*g = -94062. Is l composite?
True
Let g(x) = -3 - 1 + 3*x + 3 - 11*x**2 + 4. Let j(k) = -11*k**2 + 2*k + 2. Let h(b) = -3*g(b) + 2*j(b). Is h(-4) a prime number?
True
Let k(f) = 39*f + 1. Let g be 2/10 + 70/25. Suppose 2*w = 15 - g. Is k(w) a prime number?
False
Suppose -6*b + b - 115 = 0. Let r = b + 58. Is 4182/14 - (-10)/r a prime number?
False
Let y be (-15 - -7)*6/(-8). Is 15656/y + 3/(-9)*1 composite?
False
Suppose 2*d + 3183 = 4*p + 853, -4*d = 3*p - 1720. Suppose p - 161 = y. Is y a prime number?
True
Suppose 2*w = -4*y + 230, -4*y - y = -2*w + 212. Is 2/((-3)/3) + w a composite number?
False
Is 33/(-88) + (-14145)/(-24) composite?
True
Suppose -3*r + 5 = m - 5, 5*r - 4*m - 45 = 0. Let d be (-3)/(2 - r - -4). Let f(t) = 5*t**2 - 5*t - 2. Is f(d) a composite number?
True
Let k(t) = -2*t - 6. Let b be k(-5). Is (86/b)/(2/68) composite?
True
Let m = -22 + 25. Suppose -c + 5*g = -332, 0 = -m*c - 5*g + 3*g + 1013. Is c a composite number?
False
Let n(s) = 321*s**2 + 21*s - 13. Is n(10) a composite number?
False
Let g(y) = 1129*y**2 + 14*y - 79. Is g(4) a prime number?
True
Let h = -731 - -1401. Let w(d) = 2*d**3 + 8*d**2 - 7*d + 9. Let f be w(-8). Let j = f + h. Is j a prime number?
True
Let c(g) = 11*g**2 + 3*g - 203 + 206 + 0*g**2. Is c(2) a composite number?
False
Let w(j) = 873*j + 55. Is w(8) a composite number?
False
Let v(k) = 2*k + 1413. Let l be (8 - 8)/(2/1). Let d be v(l). Let n = d - 416. Is n a prime number?
True
Let m(c) = -2*c**3 - 23*c**2 - 7*c + 37. Is m(-15) a prime number?
False
Suppose 5*k + 19*k - 95736 = 0. Is k a prime number?
True
Let k = 2819 - -5634. Is k a composite number?
True
Let r be (2 + 4)*(-1)/2. Let a(q) = -264*q + 5. Is a(r) a prime number?
True
Let q(g) = -g - 13. Let y be q(0). Let a = 13 + y. Let b = 10 - a. Is b a prime number?
False
Suppose 34*o - 77135 = 31*o + 4*q, 0 = 3*o + 2*q - 77159. Is o prime?
True
Let v be (-19065)/(-27) - (-4)/(-36). Suppose -6*k + v = -1568. Is k composite?
False
Let b(j) = -j**2 - j + 2. Let a be b(-3). Let d = a + 9. Suppose -2*s + d*h + 30 = 6, -3*s = -4*h - 50. Is s composite?
True
Suppose -5*o + 16251 = -17*s + 13*s, 0 = 5*s - 5. Is o a composite number?
False
Suppose 0 = -5*g + 20, 2*k + 0*g - 5*g - 18 = 0. Suppose -3*p - 4 = -k. Is 381/(3/1)*p a composite number?
True
Let r = 113 - -276. Is r composite?
False
Suppose -13*j + 88260 = 33751. Is j a prime number?
False
Suppose -5*i = -41 - 24. Suppose 0 = 3*m - 15, 0 = -5*q - 2*m + 7 + i. Suppose 0*j - 3*n = -q*j + 243, -n - 614 = -5*j. Is j a prime number?
False
Let j be (-8)/(-14) + (-93)/(-21). Suppose -86 - 519 = -j*m. Is m composite?
True
Is 3/(-2)*(-15 + (-1195300)/60) composite?
True
Let v be -3 + 0 - 15/1. Let k = v - -23. Suppose 168 = k*h - 127. Is h prime?
True
Let n = -13 - 5. Let g be 0 + n - (10 - 8). Is (g/12)/((-1)/39) a composite number?
True
Let a(s) = -2*s**3 + 8*s**2 + 8*s - 2. Let r be a(-6). Suppose -3*w + d = -4*w + r, 2022 = 3*w - d. Is w composite?
False
Suppose -4*t = -3*r - 9*t + 592460, 4*r = 4*t + 790000. Is r a prime number?
False
Suppose -2*a = d + 3*d - 54, -2*a - 54 = -5*d. Let l = -1 - 2. Is (2/l)/(d/(-396)) a composite number?
True
Suppose 0 = -2*f - 8, 5*f - 14545 = -s + 1678. Is s a prime number?
False
Suppose -5*z + 213 = 2*t, -2*t = 2 - 0. Let h = 39 + z. Let o = h + -29. Is o a composite number?
False
Suppose -4*o - 12 = 0, 4*m - 5429 = -7*o + 2*o. Is m prime?
True
Suppose -8 = -2*p - 2*s, s + 0*s = -5*p + 32. Suppose -31 = -3*h - p. Suppose -3*j - 4445 = -h*j. Is j composite?
True
Suppose 4*v - h + 2*h - 28 = 0, 0 = v - 5*h - 7. Suppose 3*f = v*f. Suppose f = -c + 2*s + 531, 8*s + 1602 = 3*c + 5*s. Is c a composite number?
True
Let o be 3*408/(-9)*-2. Let x(f) = 63*f - 1. Let q be x(-3). Let a = q + o. Is a prime?
False
Suppose -14*k - 14984 = -87238. Is k composite?
True
Let s = 5 - 1. Suppose -s*r + 3 = 15. Is (-10)/15 - 167/r a composite number?
True
Let i be (4 + -1)*97/(-3). Let a be (0 + i - 0)/1. Is (-3)/6*(3 + a) a composite number?
False
Suppose -31*t = -25*t - 24. Let b(r) = 20*r**2 - r - 6. Let j(a) = -a**2 - a + 1. Let v(i) = b(i) + 3*j(i). Is v(t) composite?
True
Let d = 51 + 20. Let f = 406 - d. Is f prime?
False
Let l be 6/(-27) - (-4)/18. Suppose q - 2*q - 885 = l. Let t = -590 - q. Is t a prime number?
False
Suppose 0 = -4*y + 2*t + 27636, y + 2*y - 20737 = -t. Is y a prime number?
True
Suppose 0 = -13*c + 17*c - 17564. Is c composite?
False
Let t = 6847 + -3882. Is t a composite number?
True
Suppose 4*i - 2*g - 40197 = -i, -4*g = 5*i - 40191. Is i composite?
False
Suppose 6*p - 944 - 13402 = 0. Is p composite?
True
Let m be 2/4*2*9. Let i(u) = 10*u**2 + 6*u - 23. Is i(m) a prime number?
False
Suppose -y - 4 = 0, -7*y + 3*y + 241 = z. Is (z/2)/(12/8 + -1) prime?
True
Let j = 6 + 6. Suppose -3 = -5*p + j. Suppose c = -p*c + 92. Is c composite?
False
Suppose 3*i = -2*i + 48715. Is i prime?
True
Suppose 9 = 6*y - 3*y. Suppose 4*g + 7*h = 4*h + 109, y*g = 5*h + 89. Suppose -4*t + g - 8 = 0, 480 = 5*z + t. Is z prime?
False
Let w = -91 + 204. Let j(c) = 8*c - 102. Let d be j(11). Is w - d - (0 + 0) a prime number?
True
Let y = 1 + 2. Suppose 0 = -v + m, -y*m + 0 = 2*v - 10. Suppose r + 4*k = 297, 2*r - v*k = -2*r + 1152. Is r a composite number?
True
Let s be 20/(-2)*(-1)/4*2. Suppose 31 = y + s*a - 7*a, 4*y - 157 = -3*a. Is y composite?
False
Suppose -3*p + t + 275 = 0, p + 5*t - 299 = -2*p. Suppose -3*v - p - 726 = -3*l, -4*v = 0. Suppose -s = -2*k + k - l, 3*s + 3*k = 825. Is s prime?
False
Suppose m + 5 = -4. Let z be (-2)/m + (-640)/(-36). Is (6/z)/(2/654) a composite number?
False
Is 33620 + 87 + -4 + -2 + 2 composite?
False
Suppose 0 = 3*p - 2*q - 0*q + 85, 8 = 4*q. Let x = p + 32. Suppose -590 = -x*m + 105. Is m a composite number?
False
Is (-94702)/(-18) + (-10)/45 a prime number?
True
Is (-11545)/(-10)*(-48)/(-12) prime?
False
Suppose 9*i = -15*i + 19368. Let x = 1294 - i. Is x composite?
False
Let m = 21852 - -11707. Is m composite?
True
Let g(k) = -3*k**2 - 3*k + 4. Let v be g(3). Let d = v + 320. Suppose -i = 2*x - 57, -i - d = -5*i + 4*x. Is i prime?
True
Suppose 100995 = -77*v + 80*v. Is v prime?
False
Let r(w) = -w**3 + 4*w**2 - 2*w - 16. Let v(f) = -f**3 + 5*f**2 - 2*f - 16. Let k be (10 - 0 - 4)/(-2). Let d(o) = k*r(o) + 4*v(o). Is d(7) prime?
True
Let l(i) = -5*i**2 - 6*i - 13. Let g be l(4). Let p = 151 + g. Is p a composite number?
True
Suppose 10*r = 11*r - 914. Suppose -w - r = -3*n - 48, 3*n + 2*w - 851 = 0. Is n a composite number?
True
Let p = 19248 + -10927. Is p a composite number?
True
Let z(j) = -2*j**2 + 6*j - 10. Let m be z(4). Let w = 16 + m. Is 210/(-45)*39/w a composite number?
True
Is ((-14)/(-2) - 6)*(-3 + 11060) composite?
False
Suppose -x = 3*j - 384, -6*j + 519 = -2*j - x. Let m = -50 + j. Suppose -916 = -5*i + m. Is i a prime number?
True
Suppose -12 + 10 = s. Let t be (-9)/(s - (-5)/4). Let d = 101 - t. Is d prime?
True
Suppose 7*p - y = 12*p - 1392, 0 = 3*p + 5*y - 822. Suppose 13 + 7 = 5*r. Suppose p = r*f - 229. Is f composite?
False
Let g(k) = k**3 - 8*k**2 + 19*k - 4. Let q be g(11). Let n = -129 + q. Is n a prime number?
True
Suppose 4*t = a - 200, 4*t - 90 = -3*a - 290. Let k be (-35)/2 - (-1)/2. Let v = k - t. Is v a composite number?
True
Let b(z) = -z +